CRAN Package Check Results for Package cellranger

Last updated on 2025-05-22 06:51:41 CEST.

Flavor Version Tinstall Tcheck Ttotal Status Flags
r-devel-linux-x86_64-debian-clang 1.1.0 2.38 29.64 32.02 OK
r-devel-linux-x86_64-debian-gcc 1.1.0 1.82 23.14 24.96 OK
r-devel-linux-x86_64-fedora-clang 1.1.0 49.33 OK
r-devel-linux-x86_64-fedora-gcc 1.1.0 60.41 OK
r-devel-windows-x86_64 1.1.0 4.00 65.00 69.00 OK
r-patched-linux-x86_64 1.1.0 2.17 27.62 29.79 OK
r-release-linux-x86_64 1.1.0 2.51 27.22 29.73 OK
r-release-macos-arm64 1.1.0 37.00 OK
r-release-macos-x86_64 1.1.0 53.00 OK
r-release-windows-x86_64 1.1.0 4.00 70.00 74.00 OK
r-oldrel-macos-arm64 1.1.0 25.00 NOTE
r-oldrel-macos-x86_64 1.1.0 36.00 NOTE
r-oldrel-windows-x86_64 1.1.0 5.00 59.00 64.00 NOTE

Check Details

Version: 1.1.0
Check: LazyData
Result: NOTE 'LazyData' is specified without a 'data' directory Flavors: r-oldrel-macos-arm64, r-oldrel-macos-x86_64, r-oldrel-windows-x86_64

mirror server hosted at Truenetwork, Russian Federation.