Last updated on 2025-05-17 06:51:03 CEST.
Flavor | Version | Tinstall | Tcheck | Ttotal | Status | Flags |
---|---|---|---|---|---|---|
r-devel-linux-x86_64-debian-clang | 0.1.0 | 8.81 | 90.34 | 99.15 | OK | |
r-devel-linux-x86_64-debian-gcc | 0.1.0 | 6.50 | 62.52 | 69.02 | OK | |
r-devel-linux-x86_64-fedora-clang | 0.1.0 | 148.15 | OK | |||
r-devel-linux-x86_64-fedora-gcc | 0.1.0 | 145.63 | OK | |||
r-devel-windows-x86_64 | 0.1.0 | 13.00 | 190.00 | 203.00 | OK | |
r-patched-linux-x86_64 | 0.1.0 | 16.30 | 83.54 | 99.84 | OK | |
r-release-linux-x86_64 | 0.1.0 | 8.19 | 84.79 | 92.98 | OK | |
r-release-macos-arm64 | 0.1.0 | 49.00 | OK | |||
r-release-macos-x86_64 | 0.1.0 | 109.00 | OK | |||
r-release-windows-x86_64 | 0.1.0 | 13.00 | 211.00 | 224.00 | OK | |
r-oldrel-macos-arm64 | 0.1.0 | 45.00 | NOTE | |||
r-oldrel-macos-x86_64 | 0.1.0 | 69.00 | NOTE | |||
r-oldrel-windows-x86_64 | 0.1.0 | 12.00 | 178.00 | 190.00 | NOTE |
Version: 0.1.0
Check: LazyData
Result: NOTE
'LazyData' is specified without a 'data' directory
Flavors: r-oldrel-macos-arm64, r-oldrel-macos-x86_64, r-oldrel-windows-x86_64