CRAN Package Check Results for Package chromseq

Last updated on 2025-05-21 12:48:25 CEST.

Flavor Version Tinstall Tcheck Ttotal Status Flags
r-devel-linux-x86_64-debian-clang 0.1.3 1.77 19.15 20.92 OK
r-devel-linux-x86_64-debian-gcc 0.1.3 1.32 15.66 16.98 OK
r-devel-linux-x86_64-fedora-clang 0.1.3 31.33 NOTE
r-devel-linux-x86_64-fedora-gcc 0.1.3 30.29 NOTE
r-devel-windows-x86_64 0.1.3 4.00 49.00 53.00 OK
r-patched-linux-x86_64 0.1.3 1.90 17.44 19.34 OK
r-release-linux-x86_64 0.1.3 1.90 17.29 19.19 OK
r-release-macos-arm64 0.1.3 20.00 OK
r-release-macos-x86_64 0.1.3 23.00 OK
r-release-windows-x86_64 0.1.3 4.00 45.00 49.00 OK
r-oldrel-macos-arm64 0.1.3 18.00 OK
r-oldrel-macos-x86_64 0.1.3 22.00 OK
r-oldrel-windows-x86_64 0.1.3 3.00 39.00 42.00 OK

Check Details

Version: 0.1.3
Check: dependencies in R code
Result: NOTE Namespace in Imports field not imported from: ‘base’ All declared Imports should be used. Flavors: r-devel-linux-x86_64-fedora-clang, r-devel-linux-x86_64-fedora-gcc

mirror server hosted at Truenetwork, Russian Federation.