CRAN Package Check Results for Package cspec

Last updated on 2025-05-21 06:49:32 CEST.

Flavor Version Tinstall Tcheck Ttotal Status Flags
r-devel-linux-x86_64-debian-clang 0.1.2 1.62 17.46 19.08 NOTE
r-devel-linux-x86_64-debian-gcc 0.1.2 1.36 14.20 15.56 NOTE
r-devel-linux-x86_64-fedora-clang 0.1.2 29.41 OK
r-devel-linux-x86_64-fedora-gcc 0.1.2 28.07 OK
r-devel-windows-x86_64 0.1.2 3.00 44.00 47.00 OK
r-patched-linux-x86_64 0.1.2 1.80 16.66 18.46 OK
r-release-linux-x86_64 0.1.2 1.52 16.81 18.33 OK
r-release-macos-arm64 0.1.2 15.00 OK
r-release-macos-x86_64 0.1.2 21.00 OK
r-release-windows-x86_64 0.1.2 2.00 41.00 43.00 OK
r-oldrel-macos-arm64 0.1.2 14.00 OK
r-oldrel-macos-x86_64 0.1.2 20.00 OK
r-oldrel-windows-x86_64 0.1.2 2.00 36.00 38.00 OK

Check Details

Version: 0.1.2
Check: CRAN incoming feasibility
Result: NOTE Maintainer: ‘Junho Yang <junhoyang@stat.tamu.edu>’ No Authors@R field in DESCRIPTION. Please add one, modifying Authors@R: person(given = "Junho", family = "Yang", role = c("aut", "cre"), email = "junhoyang@stat.tamu.edu") as necessary. Flavors: r-devel-linux-x86_64-debian-clang, r-devel-linux-x86_64-debian-gcc

mirror server hosted at Truenetwork, Russian Federation.