Last updated on 2025-05-23 18:50:26 CEST.
Flavor | Version | Tinstall | Tcheck | Ttotal | Status | Flags |
---|---|---|---|---|---|---|
r-devel-linux-x86_64-debian-clang | 1.6 | 2.69 | 26.66 | 29.35 | NOTE | |
r-devel-linux-x86_64-debian-gcc | 1.6 | 1.96 | 21.78 | 23.74 | NOTE | |
r-devel-linux-x86_64-fedora-clang | 1.6 | 45.46 | OK | |||
r-devel-linux-x86_64-fedora-gcc | 1.6 | 56.69 | OK | |||
r-devel-windows-x86_64 | 1.6 | 3.00 | 66.00 | 69.00 | OK | |
r-patched-linux-x86_64 | 1.6 | 2.51 | 25.89 | 28.40 | OK | |
r-release-linux-x86_64 | 1.6 | 2.42 | 25.30 | 27.72 | OK | |
r-release-macos-arm64 | 1.6 | 25.00 | OK | |||
r-release-macos-x86_64 | 1.6 | 44.00 | OK | |||
r-release-windows-x86_64 | 1.6 | 4.00 | 59.00 | 63.00 | OK | |
r-oldrel-macos-arm64 | 1.6 | 24.00 | OK | |||
r-oldrel-macos-x86_64 | 1.6 | 36.00 | OK | |||
r-oldrel-windows-x86_64 | 1.6 | 3.00 | 55.00 | 58.00 | OK |
Version: 1.6
Check: CRAN incoming feasibility
Result: NOTE
Maintainer: ‘Francisco Parra <parra_fj@cantabria.es>’
No Authors@R field in DESCRIPTION.
Please add one, modifying
Authors@R: person(given = "Francisco",
family = "Parra",
role = c("aut", "cre"),
email = "parra_fj@cantabria.es")
as necessary.
Flavors: r-devel-linux-x86_64-debian-clang, r-devel-linux-x86_64-debian-gcc