CRAN Package Check Results for Package dfCompare

Last updated on 2025-05-24 06:51:05 CEST.

Flavor Version Tinstall Tcheck Ttotal Status Flags
r-devel-linux-x86_64-debian-clang 1.0.0 1.44 15.54 16.98 NOTE
r-devel-linux-x86_64-debian-gcc 1.0.0 1.34 12.61 13.95 NOTE
r-devel-linux-x86_64-fedora-clang 1.0.0 26.19 OK
r-devel-linux-x86_64-fedora-gcc 1.0.0 25.29 OK
r-devel-windows-x86_64 1.0.0 2.00 38.00 40.00 OK
r-patched-linux-x86_64 1.0.0 1.52 14.82 16.34 OK
r-release-linux-x86_64 1.0.0 1.52 14.84 16.36 OK
r-release-macos-arm64 1.0.0 12.00 OK
r-release-macos-x86_64 1.0.0 20.00 OK
r-release-windows-x86_64 1.0.0 2.00 35.00 37.00 OK
r-oldrel-macos-arm64 1.0.0 13.00 NOTE
r-oldrel-macos-x86_64 1.0.0 21.00 NOTE
r-oldrel-windows-x86_64 1.0.0 2.00 33.00 35.00 NOTE

Check Details

Version: 1.0.0
Check: CRAN incoming feasibility
Result: NOTE Maintainer: ‘Shawn Waldroff <swaldroff@gmail.com>’ No Authors@R field in DESCRIPTION. Please add one, modifying Authors@R: person(given = "Shawn", family = "Waldroff", role = c("aut", "cre"), email = "swaldroff@gmail.com") as necessary. Flavors: r-devel-linux-x86_64-debian-clang, r-devel-linux-x86_64-debian-gcc

Version: 1.0.0
Check: LazyData
Result: NOTE 'LazyData' is specified without a 'data' directory Flavors: r-oldrel-macos-arm64, r-oldrel-macos-x86_64, r-oldrel-windows-x86_64

mirror server hosted at Truenetwork, Russian Federation.