CRAN Package Check Results for Package doubcens

Last updated on 2025-05-24 18:49:59 CEST.

Flavor Version Tinstall Tcheck Ttotal Status Flags
r-devel-linux-x86_64-debian-clang 1.1 1.80 16.93 18.73 NOTE
r-devel-linux-x86_64-debian-gcc 1.1 1.46 13.59 15.05 NOTE
r-devel-linux-x86_64-fedora-clang 1.1 28.77 OK
r-devel-linux-x86_64-fedora-gcc 1.1 27.10 OK
r-devel-windows-x86_64 1.1 2.00 41.00 43.00 OK
r-patched-linux-x86_64 1.1 1.77 15.94 17.71 OK
r-release-linux-x86_64 1.1 1.63 16.11 17.74 OK
r-release-macos-arm64 1.1 13.00 OK
r-release-macos-x86_64 1.1 22.00 OK
r-release-windows-x86_64 1.1 2.00 36.00 38.00 OK
r-oldrel-macos-arm64 1.1 14.00 NOTE
r-oldrel-macos-x86_64 1.1 21.00 NOTE
r-oldrel-windows-x86_64 1.1 4.00 33.00 37.00 NOTE

Check Details

Version: 1.1
Check: CRAN incoming feasibility
Result: NOTE Maintainer: ‘James McVittie <james.mcvittie@mail.mcgill.ca>’ No Authors@R field in DESCRIPTION. Please add one, modifying Authors@R: person(given = "James", family = "McVittie", role = c("aut", "cre"), email = "james.mcvittie@mail.mcgill.ca") as necessary. Flavors: r-devel-linux-x86_64-debian-clang, r-devel-linux-x86_64-debian-gcc

Version: 1.1
Check: LazyData
Result: NOTE 'LazyData' is specified without a 'data' directory Flavors: r-oldrel-macos-arm64, r-oldrel-macos-x86_64, r-oldrel-windows-x86_64

mirror server hosted at Truenetwork, Russian Federation.