CRAN Package Check Results for Package ds

Last updated on 2025-05-25 00:49:59 CEST.

Flavor Version Tinstall Tcheck Ttotal Status Flags
r-devel-linux-x86_64-debian-clang 4.0 1.80 19.40 21.20 NOTE
r-devel-linux-x86_64-debian-gcc 4.0 1.45 16.26 17.71 NOTE
r-devel-linux-x86_64-fedora-clang 4.0 33.15 OK
r-devel-linux-x86_64-fedora-gcc 4.0 31.91 OK
r-devel-windows-x86_64 4.0 3.00 49.00 52.00 OK
r-patched-linux-x86_64 4.0 1.61 18.43 20.04 OK
r-release-linux-x86_64 4.0 1.82 18.64 20.46 OK
r-release-macos-arm64 4.0 21.00 OK
r-release-macos-x86_64 4.0 24.00 OK
r-release-windows-x86_64 4.0 4.00 46.00 50.00 OK
r-oldrel-macos-arm64 4.0 16.00 OK
r-oldrel-macos-x86_64 4.0 21.00 OK
r-oldrel-windows-x86_64 4.0 4.00 43.00 47.00 OK

Check Details

Version: 4.0
Check: CRAN incoming feasibility
Result: NOTE Maintainer: ‘Emmanuel Arnhold <emmanuelarnhold@yahoo.com.br>’ No Authors@R field in DESCRIPTION. Please add one, modifying Authors@R: person(given = "Emmanuel", family = "Arnhold", role = c("aut", "cre"), email = "emmanuelarnhold@yahoo.com.br") as necessary. Package CITATION file contains call(s) to old-style personList() or as.personList(). Please use c() on person objects instead. Package CITATION file contains call(s) to old-style citEntry(). Please use bibentry() instead. Flavors: r-devel-linux-x86_64-debian-clang, r-devel-linux-x86_64-debian-gcc

mirror server hosted at Truenetwork, Russian Federation.