CRAN Package Check Results for Package efflog

Last updated on 2025-05-22 06:51:44 CEST.

Flavor Version Tinstall Tcheck Ttotal Status Flags
r-devel-linux-x86_64-debian-clang 1.0 2.24 20.38 22.62 NOTE
r-devel-linux-x86_64-debian-gcc 1.0 1.73 16.03 17.76 NOTE
r-devel-linux-x86_64-fedora-clang 1.0 35.42 OK
r-devel-linux-x86_64-fedora-gcc 1.0 33.82 OK
r-devel-windows-x86_64 1.0 3.00 49.00 52.00 OK
r-patched-linux-x86_64 1.0 2.54 19.71 22.25 OK
r-release-linux-x86_64 1.0 2.33 19.49 21.82 OK
r-release-macos-arm64 1.0 17.00 OK
r-release-macos-x86_64 1.0 25.00 OK
r-release-windows-x86_64 1.0 4.00 45.00 49.00 OK
r-oldrel-macos-arm64 1.0 16.00 OK
r-oldrel-macos-x86_64 1.0 21.00 OK
r-oldrel-windows-x86_64 1.0 4.00 41.00 45.00 OK

Check Details

Version: 1.0
Check: CRAN incoming feasibility
Result: NOTE Maintainer: ‘Gloria Gheno <gloriagheno@libero.it>’ No Authors@R field in DESCRIPTION. Please add one, modifying Authors@R: person(given = "Gloria", family = "Gheno", role = c("aut", "cre"), email = "gloriagheno@libero.it") as necessary. File 'R/efflog-internal.R' sets .Random.seed. This is usually neither needed nor wanted. Flavors: r-devel-linux-x86_64-debian-clang, r-devel-linux-x86_64-debian-gcc

mirror server hosted at Truenetwork, Russian Federation.