CRAN Package Check Results for Package equivUMP

Last updated on 2025-05-24 18:49:59 CEST.

Flavor Version Tinstall Tcheck Ttotal Status Flags
r-devel-linux-x86_64-debian-clang 0.1.1 1.68 18.05 19.73 OK
r-devel-linux-x86_64-debian-gcc 0.1.1 1.44 14.98 16.42 OK
r-devel-linux-x86_64-fedora-clang 0.1.1 30.91 OK
r-devel-linux-x86_64-fedora-gcc 0.1.1 30.22 OK
r-devel-windows-x86_64 0.1.1 3.00 61.00 64.00 OK
r-patched-linux-x86_64 0.1.1 1.55 17.67 19.22 OK
r-release-linux-x86_64 0.1.1 1.59 17.73 19.32 OK
r-release-macos-arm64 0.1.1 16.00 OK
r-release-macos-x86_64 0.1.1 23.00 OK
r-release-windows-x86_64 0.1.1 2.00 45.00 47.00 OK
r-oldrel-macos-arm64 0.1.1 15.00 NOTE
r-oldrel-macos-x86_64 0.1.1 20.00 NOTE
r-oldrel-windows-x86_64 0.1.1 4.00 42.00 46.00 NOTE

Check Details

Version: 0.1.1
Check: LazyData
Result: NOTE 'LazyData' is specified without a 'data' directory Flavors: r-oldrel-macos-arm64, r-oldrel-macos-x86_64, r-oldrel-windows-x86_64

mirror server hosted at Truenetwork, Russian Federation.