CRAN Package Check Results for Package ergmharris

Last updated on 2025-05-23 00:50:13 CEST.

Flavor Version Tinstall Tcheck Ttotal Status Flags
r-devel-linux-x86_64-debian-clang 1.0 1.10 12.34 13.44 NOTE
r-devel-linux-x86_64-debian-gcc 1.0 0.99 10.26 11.25 NOTE
r-devel-linux-x86_64-fedora-clang 1.0 20.97 OK
r-devel-linux-x86_64-fedora-gcc 1.0 20.58 OK
r-devel-windows-x86_64 1.0 2.00 36.00 38.00 OK
r-patched-linux-x86_64 1.0 1.27 11.77 13.04 OK
r-release-linux-x86_64 1.0 1.25 11.77 13.02 OK
r-release-macos-arm64 1.0 13.00 OK
r-release-macos-x86_64 1.0 25.00 OK
r-release-windows-x86_64 1.0 2.00 33.00 35.00 OK
r-oldrel-macos-arm64 1.0 11.00 OK
r-oldrel-macos-x86_64 1.0 15.00 OK
r-oldrel-windows-x86_64 1.0 3.00 31.00 34.00 OK

Check Details

Version: 1.0
Check: CRAN incoming feasibility
Result: NOTE Maintainer: ‘Jenine K. Harris <harrisj@wustl.edu>’ No Authors@R field in DESCRIPTION. Please add one, modifying Authors@R: person(given = c("Jenine", "K."), family = "Harris", role = c("aut", "cre"), email = "harrisj@wustl.edu") as necessary. Flavors: r-devel-linux-x86_64-debian-clang, r-devel-linux-x86_64-debian-gcc

mirror server hosted at Truenetwork, Russian Federation.