CRAN Package Check Results for Package falconx

Last updated on 2025-05-28 06:51:25 CEST.

Flavor Version Tinstall Tcheck Ttotal Status Flags
r-devel-linux-x86_64-debian-clang 0.2 3.73 21.49 25.22 NOTE
r-devel-linux-x86_64-debian-gcc 0.2 2.62 16.65 19.27 NOTE
r-devel-linux-x86_64-fedora-clang 0.2 38.30 OK
r-devel-linux-x86_64-fedora-gcc 0.2 36.23 OK
r-devel-windows-x86_64 0.2 5.00 44.00 49.00 OK
r-patched-linux-x86_64 0.2 3.07 20.36 23.43 OK
r-release-linux-x86_64 0.2 3.15 20.62 23.77 OK
r-release-macos-arm64 0.2 17.00 OK
r-release-macos-x86_64 0.2 27.00 OK
r-release-windows-x86_64 0.2 5.00 53.00 58.00 OK
r-oldrel-macos-arm64 0.2 16.00 OK
r-oldrel-macos-x86_64 0.2 23.00 OK
r-oldrel-windows-x86_64 0.2 6.00 40.00 46.00 OK

Check Details

Version: 0.2
Check: CRAN incoming feasibility
Result: NOTE Maintainer: ‘Hao Chen <hxchen@ucdavis.edu>’ No Authors@R field in DESCRIPTION. Please add one, modifying Authors@R: c(person(given = "Hao", family = "Chen", role = c("aut", "cre"), email = "hxchen@ucdavis.edu"), person(given = c("Nancy", "R."), family = "Zhang", role = "aut")) as necessary. Flavors: r-devel-linux-x86_64-debian-clang, r-devel-linux-x86_64-debian-gcc

mirror server hosted at Truenetwork, Russian Federation.