CRAN Package Check Results for Package flifo

Last updated on 2025-05-28 06:51:26 CEST.

Flavor Version Tinstall Tcheck Ttotal Status Flags
r-devel-linux-x86_64-debian-clang 0.1.5 2.18 34.62 36.80 OK
r-devel-linux-x86_64-debian-gcc 0.1.5 2.37 26.86 29.23 OK
r-devel-linux-x86_64-fedora-clang 0.1.5 59.49 OK
r-devel-linux-x86_64-fedora-gcc 0.1.5 71.44 OK
r-devel-windows-x86_64 0.1.5 4.00 54.00 58.00 OK
r-patched-linux-x86_64 0.1.5 3.69 31.57 35.26 OK
r-release-linux-x86_64 0.1.5 2.56 31.71 34.27 OK
r-release-macos-arm64 0.1.5 40.00 OK
r-release-macos-x86_64 0.1.5 56.00 OK
r-release-windows-x86_64 0.1.5 5.00 54.00 59.00 OK
r-oldrel-macos-arm64 0.1.5 27.00 NOTE
r-oldrel-macos-x86_64 0.1.5 47.00 NOTE
r-oldrel-windows-x86_64 0.1.5 7.00 65.00 72.00 NOTE

Check Details

Version: 0.1.5
Check: LazyData
Result: NOTE 'LazyData' is specified without a 'data' directory Flavors: r-oldrel-macos-arm64, r-oldrel-macos-x86_64, r-oldrel-windows-x86_64

mirror server hosted at Truenetwork, Russian Federation.