CRAN Package Check Results for Package freqdist

Last updated on 2025-05-23 18:50:28 CEST.

Flavor Version Tinstall Tcheck Ttotal Status Flags
r-devel-linux-x86_64-debian-clang 0.1 1.40 15.54 16.94 NOTE
r-devel-linux-x86_64-debian-gcc 0.1 1.19 13.44 14.63 NOTE
r-devel-linux-x86_64-fedora-clang 0.1 26.66 OK
r-devel-linux-x86_64-fedora-gcc 0.1 25.32 OK
r-devel-windows-x86_64 0.1 2.00 41.00 43.00 OK
r-patched-linux-x86_64 0.1 1.37 15.31 16.68 OK
r-release-linux-x86_64 0.1 1.39 15.32 16.71 OK
r-release-macos-arm64 0.1 15.00 OK
r-release-macos-x86_64 0.1 20.00 OK
r-release-windows-x86_64 0.1 4.00 36.00 40.00 OK
r-oldrel-macos-arm64 0.1 13.00 NOTE
r-oldrel-macos-x86_64 0.1 18.00 NOTE
r-oldrel-windows-x86_64 0.1 3.00 33.00 36.00 NOTE

Check Details

Version: 0.1
Check: CRAN incoming feasibility
Result: NOTE Maintainer: ‘Kenneth W. Moffett <kmoffet@siue.edu>’ No Authors@R field in DESCRIPTION. Please add one, modifying Authors@R: c(person(given = "Thomas", family = "Feldman", role = "aut", email = "tfeldma@siue.edu"), person(given = c("Kenneth", "W."), family = "Moffett", role = c("aut", "cre"), email = "kmoffet@siue.edu")) as necessary. Flavors: r-devel-linux-x86_64-debian-clang, r-devel-linux-x86_64-debian-gcc

Version: 0.1
Check: LazyData
Result: NOTE 'LazyData' is specified without a 'data' directory Flavors: r-oldrel-macos-arm64, r-oldrel-macos-x86_64, r-oldrel-windows-x86_64

mirror server hosted at Truenetwork, Russian Federation.