Last updated on 2025-05-26 00:48:33 CEST.
Flavor | Version | Tinstall | Tcheck | Ttotal | Status | Flags |
---|---|---|---|---|---|---|
r-devel-linux-x86_64-debian-clang | 1.0.4 | 43.33 | 163.88 | 207.21 | OK | |
r-devel-linux-x86_64-debian-gcc | 1.0.4 | 31.85 | 147.87 | 179.72 | OK | |
r-devel-linux-x86_64-fedora-clang | 1.0.4 | 299.04 | OK | |||
r-devel-linux-x86_64-fedora-gcc | 1.0.4 | 306.28 | OK | |||
r-devel-windows-x86_64 | 1.0.4 | 49.00 | 175.00 | 224.00 | OK | |
r-patched-linux-x86_64 | 1.0.4 | 41.87 | 160.42 | 202.29 | OK | |
r-release-linux-x86_64 | 1.0.4 | 40.93 | 156.86 | 197.79 | OK | |
r-release-macos-arm64 | 1.0.4 | 102.00 | OK | |||
r-release-macos-x86_64 | 1.0.4 | 172.00 | OK | |||
r-release-windows-x86_64 | 1.0.4 | 49.00 | 177.00 | 226.00 | OK | |
r-oldrel-macos-arm64 | 1.0.4 | 99.00 | NOTE | |||
r-oldrel-macos-x86_64 | 1.0.4 | 181.00 | NOTE | |||
r-oldrel-windows-x86_64 | 1.0.4 | 59.00 | 215.00 | 274.00 | OK |
Version: 1.0.4
Check: installed package size
Result: NOTE
installed size is 7.8Mb
sub-directories of 1Mb or more:
libs 7.4Mb
Flavors: r-oldrel-macos-arm64, r-oldrel-macos-x86_64