Last updated on 2025-05-25 06:51:04 CEST.
Flavor | Version | Tinstall | Tcheck | Ttotal | Status | Flags |
---|---|---|---|---|---|---|
r-devel-linux-x86_64-debian-clang | 1.0.3 | 3.02 | 25.02 | 28.04 | NOTE | |
r-devel-linux-x86_64-debian-gcc | 1.0.3 | 2.46 | 21.11 | 23.57 | NOTE | |
r-devel-linux-x86_64-fedora-clang | 1.0.3 | 44.25 | OK | |||
r-devel-linux-x86_64-fedora-gcc | 1.0.3 | 42.31 | OK | |||
r-devel-windows-x86_64 | 1.0.3 | 6.00 | 62.00 | 68.00 | OK | |
r-patched-linux-x86_64 | 1.0.3 | 2.87 | 24.31 | 27.18 | OK | |
r-release-linux-x86_64 | 1.0.3 | 2.88 | 24.61 | 27.49 | OK | |
r-release-macos-arm64 | 1.0.3 | 21.00 | OK | |||
r-release-macos-x86_64 | 1.0.3 | 35.00 | OK | |||
r-release-windows-x86_64 | 1.0.3 | 7.00 | 60.00 | 67.00 | OK | |
r-oldrel-macos-arm64 | 1.0.3 | 20.00 | OK | |||
r-oldrel-macos-x86_64 | 1.0.3 | 29.00 | OK | |||
r-oldrel-windows-x86_64 | 1.0.3 | 6.00 | 53.00 | 59.00 | OK |
Version: 1.0.3
Check: CRAN incoming feasibility
Result: NOTE
Maintainer: ‘Venkatraman E. Seshan <seshanv@mskcc.org>’
No Authors@R field in DESCRIPTION.
Please add one, modifying
Authors@R: person(given = c("Venkatraman", "E."),
family = "Seshan",
role = c("aut", "cre"),
email = "seshanv@mskcc.org")
as necessary.
Flavors: r-devel-linux-x86_64-debian-clang, r-devel-linux-x86_64-debian-gcc