CRAN Package Check Results for Package geoTS

Last updated on 2025-05-28 00:49:02 CEST.

Flavor Version Tinstall Tcheck Ttotal Status Flags
r-devel-linux-x86_64-debian-clang 0.1.8 26.16 228.34 254.50 NOTE
r-devel-linux-x86_64-debian-gcc 0.1.8 18.32 146.12 164.44 NOTE
r-devel-linux-x86_64-fedora-clang 0.1.8 404.51 OK
r-devel-linux-x86_64-fedora-gcc 0.1.8 394.44 OK
r-devel-windows-x86_64 0.1.8 25.00 172.00 197.00 NOTE
r-patched-linux-x86_64 0.1.8 25.27 215.11 240.38 NOTE
r-release-linux-x86_64 0.1.8 24.63 213.56 238.19 NOTE
r-release-macos-arm64 0.1.8 87.00 OK
r-release-macos-x86_64 0.1.8 182.00 OK
r-release-windows-x86_64 0.1.8 24.00 183.00 207.00 NOTE
r-oldrel-macos-arm64 0.1.8 82.00 OK
r-oldrel-macos-x86_64 0.1.8 135.00 OK
r-oldrel-windows-x86_64 0.1.8 35.00 241.00 276.00 OK

Check Details

Version: 0.1.8
Check: Rd cross-references
Result: NOTE Found the following Rd file(s) with Rd \link{} targets missing package anchors: geoTS-package.Rd: reclassify Please provide package anchors for all Rd \link{} targets not in the package itself and the base packages. Flavors: r-devel-linux-x86_64-debian-clang, r-devel-linux-x86_64-debian-gcc, r-devel-windows-x86_64, r-patched-linux-x86_64, r-release-linux-x86_64, r-release-windows-x86_64

mirror server hosted at Truenetwork, Russian Federation.