Last updated on 2025-05-28 06:51:27 CEST.
Flavor | Version | Tinstall | Tcheck | Ttotal | Status | Flags |
---|---|---|---|---|---|---|
r-devel-linux-x86_64-debian-clang | 0.0.1 | 1.66 | 19.40 | 21.06 | NOTE | |
r-devel-linux-x86_64-debian-gcc | 0.0.1 | 1.45 | 16.17 | 17.62 | NOTE | |
r-devel-linux-x86_64-fedora-clang | 0.0.1 | 32.95 | OK | |||
r-devel-linux-x86_64-fedora-gcc | 0.0.1 | 30.77 | OK | |||
r-devel-windows-x86_64 | 0.0.1 | 3.00 | 43.00 | 46.00 | OK | |
r-patched-linux-x86_64 | 0.0.1 | 2.15 | 18.33 | 20.48 | OK | |
r-release-linux-x86_64 | 0.0.1 | 1.80 | 18.49 | 20.29 | OK | |
r-release-macos-arm64 | 0.0.1 | 21.00 | OK | |||
r-release-macos-x86_64 | 0.0.1 | 23.00 | OK | |||
r-release-windows-x86_64 | 0.0.1 | 3.00 | 53.00 | 56.00 | OK | |
r-oldrel-macos-arm64 | 0.0.1 | 14.00 | OK | |||
r-oldrel-macos-x86_64 | 0.0.1 | 20.00 | OK | |||
r-oldrel-windows-x86_64 | 0.0.1 | 3.00 | 41.00 | 44.00 | OK |
Version: 0.0.1
Check: CRAN incoming feasibility
Result: NOTE
Maintainer: ‘Raymond L. Tremblay <raymondtremblay1@mac.com>’
No Authors@R field in DESCRIPTION.
Please add one, modifying
Authors@R: c(person(given = c("Raymond", ">"),
family = "Tremblay",
role = "aut"),
person(given = c("Raymond", "L."),
family = "Tremblay",
role = "cre",
email = "raymondtremblay1@mac.com"))
as necessary.
Flavors: r-devel-linux-x86_64-debian-clang, r-devel-linux-x86_64-debian-gcc