CRAN Package Check Results for Package hurdlr

Last updated on 2025-05-18 06:49:16 CEST.

Flavor Version Tinstall Tcheck Ttotal Status Flags
r-devel-linux-x86_64-debian-clang 0.1 2.55 24.06 26.61 OK
r-devel-linux-x86_64-debian-gcc 0.1 1.92 18.67 20.59 OK
r-devel-linux-x86_64-fedora-clang 0.1 43.41 OK
r-devel-linux-x86_64-fedora-gcc 0.1 40.85 OK
r-devel-windows-x86_64 0.1 4.00 42.00 46.00 OK
r-patched-linux-x86_64 0.1 3.07 22.74 25.81 OK
r-release-linux-x86_64 0.1 2.59 22.71 25.30 OK
r-release-macos-arm64 0.1 16.00 OK
r-release-macos-x86_64 0.1 25.00 OK
r-release-windows-x86_64 0.1 3.00 45.00 48.00 OK
r-oldrel-macos-arm64 0.1 15.00 NOTE
r-oldrel-macos-x86_64 0.1 26.00 NOTE
r-oldrel-windows-x86_64 0.1 4.00 42.00 46.00 NOTE

Check Details

Version: 0.1
Check: LazyData
Result: NOTE 'LazyData' is specified without a 'data' directory Flavors: r-oldrel-macos-arm64, r-oldrel-macos-x86_64, r-oldrel-windows-x86_64

mirror server hosted at Truenetwork, Russian Federation.