Last updated on 2025-05-28 06:51:28 CEST.
Flavor | Version | Tinstall | Tcheck | Ttotal | Status | Flags |
---|---|---|---|---|---|---|
r-devel-linux-x86_64-debian-clang | 0.2-2 | 2.20 | 16.12 | 18.32 | OK | |
r-devel-linux-x86_64-debian-gcc | 0.2-2 | 1.75 | 14.17 | 15.92 | OK | |
r-devel-linux-x86_64-fedora-clang | 0.2-2 | 28.49 | OK | |||
r-devel-linux-x86_64-fedora-gcc | 0.2-2 | 26.18 | OK | |||
r-patched-linux-x86_64 | 0.2-2 | 2.01 | 15.36 | 17.37 | OK | |
r-release-linux-x86_64 | 0.2-2 | 1.98 | 15.41 | 17.39 | OK | |
r-release-macos-arm64 | 0.2-2 | 15.00 | NOTE | |||
r-release-macos-x86_64 | 0.2-2 | 23.00 | OK | |||
r-oldrel-macos-arm64 | 0.2-2 | 16.00 | OK | |||
r-oldrel-macos-x86_64 | 0.2-2 | 21.00 | OK |
Version: 0.2-2
Check: differences from ‘ieeeround-Ex.Rout’ to ‘ieeeround-Ex.Rout.save’
Result: NOTE
19c19
< [1] 2048
---
> [1] 0
22c22
< [1] 1024
---
> [1] 0
25c25
< [1] FALSE
---
> [1] TRUE
Flavor: r-release-macos-arm64