Last updated on 2025-05-28 12:49:36 CEST.
Flavor | Version | Tinstall | Tcheck | Ttotal | Status | Flags |
---|---|---|---|---|---|---|
r-devel-linux-x86_64-debian-clang | 0.6 | 1.42 | 17.18 | 18.60 | NOTE | |
r-devel-linux-x86_64-debian-gcc | 0.6 | 1.29 | 13.95 | 15.24 | NOTE | |
r-devel-linux-x86_64-fedora-clang | 0.6 | 29.21 | OK | |||
r-devel-linux-x86_64-fedora-gcc | 0.6 | 27.28 | OK | |||
r-devel-windows-x86_64 | 0.6 | 3.00 | 41.00 | 44.00 | OK | |
r-patched-linux-x86_64 | 0.6 | 1.58 | 16.59 | 18.17 | OK | |
r-release-linux-x86_64 | 0.6 | 1.60 | 16.53 | 18.13 | OK | |
r-release-macos-arm64 | 0.6 | 13.00 | OK | |||
r-release-macos-x86_64 | 0.6 | 22.00 | OK | |||
r-release-windows-x86_64 | 0.6 | 3.00 | 38.00 | 41.00 | OK | |
r-oldrel-macos-arm64 | 0.6 | 13.00 | NOTE | |||
r-oldrel-macos-x86_64 | 0.6 | 19.00 | NOTE | |||
r-oldrel-windows-x86_64 | 0.6 | 3.00 | 33.00 | 36.00 | NOTE |
Version: 0.6
Check: CRAN incoming feasibility
Result: NOTE
Maintainer: ‘Dmitry Prokopenko <dmitry.prokopenko@uni-bonn.de>’
No Authors@R field in DESCRIPTION.
Please add one, modifying
Authors@R: person(given = "Dmitry",
family = "Prokopenko",
role = c("aut", "cre"),
email = "dmitry.prokopenko@uni-bonn.de")
as necessary.
Flavors: r-devel-linux-x86_64-debian-clang, r-devel-linux-x86_64-debian-gcc
Version: 0.6
Check: LazyData
Result: NOTE
'LazyData' is specified without a 'data' directory
Flavors: r-oldrel-macos-arm64, r-oldrel-macos-x86_64, r-oldrel-windows-x86_64