Last updated on 2025-05-28 06:51:29 CEST.
Flavor | Version | Tinstall | Tcheck | Ttotal | Status | Flags |
---|---|---|---|---|---|---|
r-devel-linux-x86_64-debian-clang | 0.3 | 1.74 | 18.44 | 20.18 | NOTE | |
r-devel-linux-x86_64-debian-gcc | 0.3 | 1.41 | 14.66 | 16.07 | NOTE | |
r-devel-linux-x86_64-fedora-clang | 0.3 | 32.23 | OK | |||
r-devel-linux-x86_64-fedora-gcc | 0.3 | 31.91 | OK | |||
r-devel-windows-x86_64 | 0.3 | 4.00 | 39.00 | 43.00 | OK | |
r-patched-linux-x86_64 | 0.3 | 2.30 | 17.50 | 19.80 | OK | |
r-release-linux-x86_64 | 0.3 | 2.00 | 17.76 | 19.76 | OK | |
r-release-macos-arm64 | 0.3 | 16.00 | OK | |||
r-release-macos-x86_64 | 0.3 | 23.00 | OK | |||
r-release-windows-x86_64 | 0.3 | 4.00 | 42.00 | 46.00 | OK | |
r-oldrel-macos-arm64 | 0.3 | 14.00 | NOTE | |||
r-oldrel-macos-x86_64 | 0.3 | 25.00 | NOTE | |||
r-oldrel-windows-x86_64 | 0.3 | 3.00 | 38.00 | 41.00 | NOTE |
Version: 0.3
Check: CRAN incoming feasibility
Result: NOTE
Maintainer: ‘Muammer Albayrak <m.albayrak@ktu.edu.tr>’
No Authors@R field in DESCRIPTION.
Please add one, modifying
Authors@R: person(given = "Muammer",
family = "Albayrak",
role = c("aut", "cre"),
email = "m.albayrak@ktu.edu.tr")
as necessary.
Flavors: r-devel-linux-x86_64-debian-clang, r-devel-linux-x86_64-debian-gcc
Version: 0.3
Check: LazyData
Result: NOTE
'LazyData' is specified without a 'data' directory
Flavors: r-oldrel-macos-arm64, r-oldrel-macos-x86_64, r-oldrel-windows-x86_64