CRAN Package Check Results for Package lsdbc

Last updated on 2025-05-21 06:49:39 CEST.

Flavor Version Tinstall Tcheck Ttotal Status Flags
r-devel-linux-x86_64-debian-clang 0.1.0 1.71 17.36 19.07 NOTE
r-devel-linux-x86_64-debian-gcc 0.1.0 1.36 14.30 15.66 NOTE
r-devel-linux-x86_64-fedora-clang 0.1.0 30.15 OK
r-devel-linux-x86_64-fedora-gcc 0.1.0 28.81 OK
r-devel-windows-x86_64 0.1.0 2.00 69.00 71.00 OK
r-patched-linux-x86_64 0.1.0 1.72 16.55 18.27 OK
r-release-linux-x86_64 0.1.0 1.79 16.64 18.43 OK
r-release-macos-arm64 0.1.0 19.00 OK
r-release-macos-x86_64 0.1.0 23.00 OK
r-release-windows-x86_64 0.1.0 2.00 57.00 59.00 OK
r-oldrel-macos-arm64 0.1.0 14.00 NOTE
r-oldrel-macos-x86_64 0.1.0 19.00 NOTE
r-oldrel-windows-x86_64 0.1.0 3.00 42.00 45.00 NOTE

Check Details

Version: 0.1.0
Check: CRAN incoming feasibility
Result: NOTE Maintainer: ‘Fella Ulandari <16.9134@stis.ac.id>’ No Authors@R field in DESCRIPTION. Please add one, modifying Authors@R: c(person(given = "Fella", family = "Ulandari", role = c("aut", "cre"), email = "16.9134@stis.ac.id"), person(given = "Robert", family = "Kurniawan", role = "aut")) as necessary. Flavors: r-devel-linux-x86_64-debian-clang, r-devel-linux-x86_64-debian-gcc

Version: 0.1.0
Check: LazyData
Result: NOTE 'LazyData' is specified without a 'data' directory Flavors: r-oldrel-macos-arm64, r-oldrel-macos-x86_64, r-oldrel-windows-x86_64

mirror server hosted at Truenetwork, Russian Federation.