CRAN Package Check Results for Package mcbiopi

Last updated on 2025-05-28 06:51:31 CEST.

Flavor Version Tinstall Tcheck Ttotal Status Flags
r-devel-linux-x86_64-debian-clang 1.1.6 1.79 18.21 20.00 NOTE
r-devel-linux-x86_64-debian-gcc 1.1.6 1.33 14.62 15.95 NOTE
r-devel-linux-x86_64-fedora-clang 1.1.6 31.33 OK
r-devel-linux-x86_64-fedora-gcc 1.1.6 29.53 OK
r-devel-windows-x86_64 1.1.6 2.00 39.00 41.00 OK
r-patched-linux-x86_64 1.1.6 1.93 17.63 19.56 OK
r-release-linux-x86_64 1.1.6 1.55 17.87 19.42 OK
r-release-macos-arm64 1.1.6 16.00 OK
r-release-macos-x86_64 1.1.6 23.00 OK
r-release-windows-x86_64 1.1.6 2.00 43.00 45.00 OK
r-oldrel-macos-arm64 1.1.6 14.00 OK
r-oldrel-macos-x86_64 1.1.6 28.00 OK
r-oldrel-windows-x86_64 1.1.6 3.00 39.00 42.00 OK

Check Details

Version: 1.1.6
Check: CRAN incoming feasibility
Result: NOTE Maintainer: ‘Holger Schwender <holger.schw@gmx.de>’ No Authors@R field in DESCRIPTION. Please add one, modifying Authors@R: person(given = "Holger", family = "Schwender", role = c("aut", "cre"), email = "holger.schw@gmx.de") as necessary. Flavors: r-devel-linux-x86_64-debian-clang, r-devel-linux-x86_64-debian-gcc

mirror server hosted at Truenetwork, Russian Federation.