CRAN Package Check Results for Package mewAvg

Last updated on 2025-05-21 18:49:57 CEST.

Flavor Version Tinstall Tcheck Ttotal Status Flags
r-devel-linux-x86_64-debian-clang 0.3.1 3.61 21.43 25.04 NOTE
r-devel-linux-x86_64-debian-gcc 0.3.1 3.13 17.64 20.77 NOTE
r-devel-linux-x86_64-fedora-clang 0.3.1 41.34 OK
r-devel-linux-x86_64-fedora-gcc 0.3.1 38.91 OK
r-devel-windows-x86_64 0.3.1 10.00 58.00 68.00 OK
r-patched-linux-x86_64 0.3.1 3.73 21.48 25.21 OK
r-release-linux-x86_64 0.3.1 3.90 21.13 25.03 OK
r-release-macos-arm64 0.3.1 26.00 OK
r-release-macos-x86_64 0.3.1 30.00 OK
r-release-windows-x86_64 0.3.1 9.00 57.00 66.00 OK
r-oldrel-macos-arm64 0.3.1 18.00 OK
r-oldrel-macos-x86_64 0.3.1 26.00 OK
r-oldrel-windows-x86_64 0.3.1 7.00 50.00 57.00 OK

Check Details

Version: 0.3.1
Check: CRAN incoming feasibility
Result: NOTE Maintainer: ‘Adam L. Pintar <adam.pintar@nist.gov>’ No Authors@R field in DESCRIPTION. Please add one, modifying Authors@R: c(person(given = c("Adam", "L."), family = "Pintar", role = c("aut", "cre"), email = "adam.pintar@nist.gov"), person(given = c("Zachary", "H."), family = "Levine", role = "aut")) as necessary. Flavors: r-devel-linux-x86_64-debian-clang, r-devel-linux-x86_64-debian-gcc

mirror server hosted at Truenetwork, Russian Federation.