CRAN Package Check Results for Package midas2

Last updated on 2025-05-29 18:50:25 CEST.

Flavor Version Tinstall Tcheck Ttotal Status Flags
r-devel-linux-x86_64-debian-clang 1.1.0 2.55 24.68 27.23 NOTE
r-devel-linux-x86_64-debian-gcc 1.1.0 1.92 19.59 21.51 NOTE
r-devel-linux-x86_64-fedora-clang 1.1.0 42.40 OK
r-devel-linux-x86_64-fedora-gcc 1.1.0 40.36 OK
r-devel-windows-x86_64 1.1.0 4.00 53.00 57.00 OK
r-patched-linux-x86_64 1.1.0 2.27 23.50 25.77 OK
r-release-linux-x86_64 1.1.0 2.06 23.26 25.32 OK
r-release-macos-arm64 1.1.0 20.00 OK
r-release-macos-x86_64 1.1.0 34.00 OK
r-release-windows-x86_64 1.1.0 4.00 49.00 53.00 OK
r-oldrel-macos-arm64 1.1.0 17.00 OK
r-oldrel-macos-x86_64 1.1.0 24.00 OK
r-oldrel-windows-x86_64 1.1.0 4.00 51.00 55.00 OK

Check Details

Version: 1.1.0
Check: CRAN incoming feasibility
Result: NOTE Maintainer: ‘Su Liwen <cpusullivan@163.com>’ No Authors@R field in DESCRIPTION. Please add one, modifying Authors@R: person(given = "Su", family = "Liwen", role = c("aut", "cre"), email = "cpusullivan@163.com") as necessary. Flavors: r-devel-linux-x86_64-debian-clang, r-devel-linux-x86_64-debian-gcc

mirror server hosted at Truenetwork, Russian Federation.