CRAN Package Check Results for Package msd

Last updated on 2025-05-18 00:49:32 CEST.

Flavor Version Tinstall Tcheck Ttotal Status Flags
r-devel-linux-x86_64-debian-clang 0.3.1 2.83 34.56 37.39 NOTE
r-devel-linux-x86_64-debian-gcc 0.3.1 2.08 24.03 26.11 NOTE
r-devel-linux-x86_64-fedora-clang 0.3.1 58.79 OK
r-devel-linux-x86_64-fedora-gcc 0.3.1 56.98 OK
r-devel-windows-x86_64 0.3.1 3.00 51.00 54.00 OK
r-patched-linux-x86_64 0.3.1 2.79 31.47 34.26 OK
r-release-linux-x86_64 0.3.1 2.67 31.81 34.48 OK
r-release-macos-arm64 0.3.1 20.00 OK
r-release-macos-x86_64 0.3.1 41.00 OK
r-release-windows-x86_64 0.3.1 3.00 55.00 58.00 OK
r-oldrel-macos-arm64 0.3.1 19.00 NOTE
r-oldrel-macos-x86_64 0.3.1 34.00 NOTE
r-oldrel-windows-x86_64 0.3.1 5.00 50.00 55.00 NOTE

Check Details

Version: 0.3.1
Check: CRAN incoming feasibility
Result: NOTE Maintainer: ‘Chris Bradley <cbradley05@gmail.com>’ No Authors@R field in DESCRIPTION. Please add one, modifying Authors@R: person(given = "Chris", family = "Bradley", role = c("aut", "cre"), email = "cbradley05@gmail.com") as necessary. Flavors: r-devel-linux-x86_64-debian-clang, r-devel-linux-x86_64-debian-gcc

Version: 0.3.1
Check: LazyData
Result: NOTE 'LazyData' is specified without a 'data' directory Flavors: r-oldrel-macos-arm64, r-oldrel-macos-x86_64, r-oldrel-windows-x86_64

mirror server hosted at Truenetwork, Russian Federation.