Last updated on 2025-05-16 00:50:27 CEST.
Flavor | Version | Tinstall | Tcheck | Ttotal | Status | Flags |
---|---|---|---|---|---|---|
r-devel-linux-x86_64-debian-clang | 2.0 | 2.09 | 25.22 | 27.31 | NOTE | |
r-devel-linux-x86_64-debian-gcc | 2.0 | 1.63 | 19.27 | 20.90 | NOTE | |
r-devel-linux-x86_64-fedora-clang | 2.0 | 43.15 | OK | |||
r-devel-linux-x86_64-fedora-gcc | 2.0 | 40.07 | OK | |||
r-devel-windows-x86_64 | 2.0 | 3.00 | 46.00 | 49.00 | OK | |
r-patched-linux-x86_64 | 2.0 | 2.17 | 23.71 | 25.88 | OK | |
r-release-linux-x86_64 | 2.0 | 1.69 | 24.35 | 26.04 | OK | |
r-release-macos-arm64 | 2.0 | 21.00 | OK | |||
r-release-macos-x86_64 | 2.0 | 38.00 | OK | |||
r-release-windows-x86_64 | 2.0 | 3.00 | 47.00 | 50.00 | OK | |
r-oldrel-macos-arm64 | 2.0 | 17.00 | OK | |||
r-oldrel-macos-x86_64 | 2.0 | 31.00 | OK | |||
r-oldrel-windows-x86_64 | 2.0 | 3.00 | 44.00 | 47.00 | OK |
Version: 2.0
Check: CRAN incoming feasibility
Result: NOTE
Maintainer: ‘R. Salmeron <romansg@ugr.es>’
No Authors@R field in DESCRIPTION.
Please add one, modifying
Authors@R: c(person(given = "R.",
family = "Salmeron",
role = c("aut", "cre"),
email = "romansg@ugr.es"),
person(given = "C.",
family = "Garcia",
role = "aut"),
person(given = "J.",
family = "Garcia",
role = "aut"))
as necessary.
Flavors: r-devel-linux-x86_64-debian-clang, r-devel-linux-x86_64-debian-gcc