CRAN Package Check Results for Package mvdalab

Last updated on 2025-05-23 12:49:34 CEST.

Flavor Version Tinstall Tcheck Ttotal Status Flags
r-devel-linux-x86_64-debian-clang 1.7 19.69 145.38 165.07 NOTE
r-devel-linux-x86_64-debian-gcc 1.7 10.34 98.99 109.33 NOTE
r-devel-linux-x86_64-fedora-clang 1.7 250.88 OK
r-devel-linux-x86_64-fedora-gcc 1.7 243.56 OK
r-devel-windows-x86_64 1.7 17.00 161.00 178.00 OK
r-patched-linux-x86_64 1.7 18.74 137.72 156.46 OK
r-release-linux-x86_64 1.7 13.90 136.34 150.24 OK
r-release-macos-arm64 1.7 58.00 OK
r-release-macos-x86_64 1.7 123.00 OK
r-release-windows-x86_64 1.7 18.00 163.00 181.00 OK
r-oldrel-macos-arm64 1.7 64.00 OK
r-oldrel-macos-x86_64 1.7 94.00 OK
r-oldrel-windows-x86_64 1.7 24.00 209.00 233.00 OK

Check Details

Version: 1.7
Check: CRAN incoming feasibility
Result: NOTE Maintainer: ‘Nelson Lee Afanador <nelson.afanador@gmail.com>’ No Authors@R field in DESCRIPTION. Please add one, modifying Authors@R: c(person(given = c("Nelson", "Lee"), family = "Afanador", role = c("aut", "cre"), email = "nelson.afanador@gmail.com"), person(given = "Thanh", family = "Tran", role = "aut"), person(given = "Lionel", family = "Blanchet", role = "aut"), person(given = "Richard", family = "Baumgartner", role = "aut")) as necessary. Flavors: r-devel-linux-x86_64-debian-clang, r-devel-linux-x86_64-debian-gcc

mirror server hosted at Truenetwork, Russian Federation.