CRAN Package Check Results for Package mycobacrvR

Last updated on 2025-05-25 00:50:09 CEST.

Flavor Version Tinstall Tcheck Ttotal Status Flags
r-devel-linux-x86_64-debian-clang 1.1 2.49 23.18 25.67 NOTE
r-devel-linux-x86_64-debian-gcc 1.1 2.02 17.99 20.01 NOTE
r-devel-linux-x86_64-fedora-clang 1.1 41.24 OK
r-devel-linux-x86_64-fedora-gcc 1.1 38.31 OK
r-devel-windows-x86_64 1.1 3.00 54.00 57.00 OK
r-patched-linux-x86_64 1.1 3.09 22.16 25.25 OK
r-release-linux-x86_64 1.1 2.74 21.97 24.71 OK
r-release-macos-arm64 1.1 16.00 OK
r-release-macos-x86_64 1.1 30.00 OK
r-release-windows-x86_64 1.1 3.00 48.00 51.00 OK
r-oldrel-macos-arm64 1.1 15.00 OK
r-oldrel-macos-x86_64 1.1 22.00 OK
r-oldrel-windows-x86_64 1.1 3.00 43.00 46.00 OK

Check Details

Version: 1.1
Check: CRAN incoming feasibility
Result: NOTE Maintainer: ‘S. Ramachandran<ramu@igib.in>’ No Authors@R field in DESCRIPTION. Please add one, modifying Authors@R: c(person(given = "Deepika", family = "Kulshreshtha", role = "aut"), person(given = "Rupanjali", family = "Chaudhuri", role = "aut"), person(given = "Surabhi", family = "Seth", role = "aut"), person(given = "S.", family = "Ramachandran", role = c("aut", "cre"), email = "ramu@igib.in")) as necessary. Flavors: r-devel-linux-x86_64-debian-clang, r-devel-linux-x86_64-debian-gcc

mirror server hosted at Truenetwork, Russian Federation.