Last updated on 2025-05-29 07:49:53 CEST.
Flavor | Version | Tinstall | Tcheck | Ttotal | Status | Flags |
---|---|---|---|---|---|---|
r-devel-linux-x86_64-debian-clang | 0.3.2 | 13.70 | 146.55 | 160.25 | NOTE | |
r-devel-linux-x86_64-debian-gcc | 0.3.2 | 8.76 | 108.91 | 117.67 | NOTE | |
r-devel-linux-x86_64-fedora-clang | 0.3.2 | 242.30 | NOTE | |||
r-devel-linux-x86_64-fedora-gcc | 0.3.2 | 255.23 | NOTE | |||
r-devel-windows-x86_64 | 0.3.2 | 14.00 | 155.00 | 169.00 | NOTE | |
r-patched-linux-x86_64 | 0.3.2 | 12.28 | 138.04 | 150.32 | NOTE | |
r-release-linux-x86_64 | 0.3.2 | 12.44 | 139.02 | 151.46 | NOTE | |
r-release-macos-arm64 | 0.3.2 | 117.00 | NOTE | |||
r-release-macos-x86_64 | 0.3.2 | 141.00 | NOTE | |||
r-release-windows-x86_64 | 0.3.2 | 16.00 | 156.00 | 172.00 | NOTE | |
r-oldrel-macos-arm64 | 0.3.2 | 75.00 | NOTE | |||
r-oldrel-macos-x86_64 | 0.3.2 | 171.00 | NOTE | |||
r-oldrel-windows-x86_64 | 0.3.2 | 19.00 | 195.00 | 214.00 | NOTE |
Version: 0.3.2
Check: DESCRIPTION meta-information
Result: NOTE
Missing dependency on R >= 4.1.0 because package code uses the pipe
|> or function shorthand \(...) syntax added in R 4.1.0.
File(s) using such syntax:
‘as.data.frame.predict.R’
Flavors: r-devel-linux-x86_64-debian-clang, r-devel-linux-x86_64-debian-gcc, r-devel-linux-x86_64-fedora-clang, r-devel-linux-x86_64-fedora-gcc, r-devel-windows-x86_64, r-patched-linux-x86_64, r-release-linux-x86_64, r-release-macos-arm64, r-release-macos-x86_64, r-release-windows-x86_64
Version: 0.3.2
Check: Rd files
Result: NOTE
checkRd: (-1) GSS.Rd:17: Lost braces
17 | code{2016}.}
| ^
Flavors: r-devel-linux-x86_64-debian-clang, r-devel-linux-x86_64-debian-gcc, r-devel-linux-x86_64-fedora-clang, r-devel-linux-x86_64-fedora-gcc, r-devel-windows-x86_64, r-patched-linux-x86_64, r-release-linux-x86_64, r-release-macos-arm64, r-release-macos-x86_64, r-release-windows-x86_64, r-oldrel-macos-arm64, r-oldrel-macos-x86_64, r-oldrel-windows-x86_64