Last updated on 2025-05-21 18:49:59 CEST.
Flavor | Version | Tinstall | Tcheck | Ttotal | Status | Flags |
---|---|---|---|---|---|---|
r-devel-linux-x86_64-debian-clang | 0.1.1 | 2.73 | 21.34 | 24.07 | OK | |
r-devel-linux-x86_64-debian-gcc | 0.1.1 | 1.87 | 16.99 | 18.86 | OK | |
r-devel-linux-x86_64-fedora-clang | 0.1.1 | 38.66 | OK | |||
r-devel-linux-x86_64-fedora-gcc | 0.1.1 | 36.71 | OK | |||
r-devel-windows-x86_64 | 0.1.1 | 3.00 | 47.00 | 50.00 | OK | |
r-patched-linux-x86_64 | 0.1.1 | 2.71 | 20.61 | 23.32 | OK | |
r-release-linux-x86_64 | 0.1.1 | 2.52 | 20.78 | 23.30 | OK | |
r-release-macos-arm64 | 0.1.1 | 17.00 | OK | |||
r-release-macos-x86_64 | 0.1.1 | 39.00 | OK | |||
r-release-windows-x86_64 | 0.1.1 | 3.00 | 43.00 | 46.00 | OK | |
r-oldrel-macos-arm64 | 0.1.1 | 16.00 | NOTE | |||
r-oldrel-macos-x86_64 | 0.1.1 | 32.00 | NOTE | |||
r-oldrel-windows-x86_64 | 0.1.1 | 3.00 | 39.00 | 42.00 | NOTE |
Version: 0.1.1
Check: LazyData
Result: NOTE
'LazyData' is specified without a 'data' directory
Flavors: r-oldrel-macos-arm64, r-oldrel-macos-x86_64, r-oldrel-windows-x86_64