CRAN Package Check Results for Package obsSens

Last updated on 2025-05-23 18:50:34 CEST.

Flavor Version Tinstall Tcheck Ttotal Status Flags
r-devel-linux-x86_64-debian-clang 1.4 1.82 18.93 20.75 NOTE
r-devel-linux-x86_64-debian-gcc 1.4 1.46 15.58 17.04 NOTE
r-devel-linux-x86_64-fedora-clang 1.4 31.97 OK
r-devel-linux-x86_64-fedora-gcc 1.4 30.65 OK
r-devel-windows-x86_64 1.4 2.00 50.00 52.00 OK
r-patched-linux-x86_64 1.4 1.90 18.28 20.18 OK
r-release-linux-x86_64 1.4 1.78 18.30 20.08 OK
r-release-macos-arm64 1.4 14.00 OK
r-release-macos-x86_64 1.4 34.00 OK
r-release-windows-x86_64 1.4 3.00 47.00 50.00 OK
r-oldrel-macos-arm64 1.4 14.00 OK
r-oldrel-macos-x86_64 1.4 28.00 OK
r-oldrel-windows-x86_64 1.4 2.00 42.00 44.00 OK

Check Details

Version: 1.4
Check: CRAN incoming feasibility
Result: NOTE Maintainer: ‘Greg Snow <538280@gmail.com>’ No Authors@R field in DESCRIPTION. Please add one, modifying Authors@R: person(given = "Greg", family = "Snow", role = c("aut", "cre"), email = "538280@gmail.com") as necessary. Flavors: r-devel-linux-x86_64-debian-clang, r-devel-linux-x86_64-debian-gcc

mirror server hosted at Truenetwork, Russian Federation.