CRAN Package Check Results for Package oscar

Last updated on 2025-05-29 00:48:28 CEST.

Flavor Version Tinstall Tcheck Ttotal Status Flags
r-devel-linux-x86_64-debian-clang 1.2.1 50.13 70.00 120.13 NOTE
r-devel-linux-x86_64-debian-gcc 1.2.1 35.00 53.82 88.82 NOTE
r-devel-linux-x86_64-fedora-clang 1.2.1 190.79 NOTE
r-devel-linux-x86_64-fedora-gcc 1.2.1 210.50 NOTE
r-devel-windows-x86_64 1.2.1 49.00 93.00 142.00 NOTE
r-patched-linux-x86_64 1.2.1 50.75 67.51 118.26 NOTE
r-release-linux-x86_64 1.2.1 52.12 67.99 120.11 NOTE
r-release-macos-arm64 1.2.1 83.00 NOTE
r-release-macos-x86_64 1.2.1 165.00 NOTE
r-release-windows-x86_64 1.2.1 52.00 115.00 167.00 NOTE
r-oldrel-macos-arm64 1.2.1 69.00 NOTE
r-oldrel-macos-x86_64 1.2.1 102.00 NOTE
r-oldrel-windows-x86_64 1.2.1 63.00 115.00 178.00 NOTE

Check Details

Version: 1.2.1
Check: DESCRIPTION meta-information
Result: NOTE Missing dependency on R >= 4.1.0 because package code uses the pipe |> or function shorthand \(...) syntax added in R 4.1.0. File(s) using such syntax: ‘fitS4.R’ ‘helpers.R’ Flavors: r-devel-linux-x86_64-debian-clang, r-devel-linux-x86_64-debian-gcc, r-devel-linux-x86_64-fedora-clang, r-devel-linux-x86_64-fedora-gcc, r-devel-windows-x86_64, r-patched-linux-x86_64, r-release-linux-x86_64, r-release-macos-arm64, r-release-macos-x86_64, r-release-windows-x86_64

Version: 1.2.1
Check: Rd files
Result: NOTE checkRd: (-1) oscar.Rd:44: Lost braces; missing escapes or markup? 44 | \item{print}{Level of verbosity in Fortran (may not be visible on all terminals); should be an integer between {range, range}, Default: 3} | ^ checkRd: (-1) oscar.control.Rd:41: Lost braces; missing escapes or markup? 41 | \item{start}{Starting point generation method, see vignettes for details; should be an integer between {range,range}, Default: 2} | ^ Flavors: r-devel-linux-x86_64-debian-clang, r-devel-linux-x86_64-debian-gcc, r-devel-linux-x86_64-fedora-clang, r-devel-linux-x86_64-fedora-gcc, r-devel-windows-x86_64, r-patched-linux-x86_64, r-release-linux-x86_64, r-release-macos-arm64, r-release-macos-x86_64, r-release-windows-x86_64, r-oldrel-macos-arm64, r-oldrel-macos-x86_64, r-oldrel-windows-x86_64

mirror server hosted at Truenetwork, Russian Federation.