Last updated on 2025-05-25 00:50:12 CEST.
Flavor | Version | Tinstall | Tcheck | Ttotal | Status | Flags |
---|---|---|---|---|---|---|
r-devel-linux-x86_64-debian-clang | 3.1.1 | 3.06 | 20.00 | 23.06 | NOTE | |
r-devel-linux-x86_64-debian-gcc | 3.1.1 | 2.56 | 16.60 | 19.16 | NOTE | |
r-devel-linux-x86_64-fedora-clang | 3.1.1 | 35.82 | NOTE | |||
r-devel-linux-x86_64-fedora-gcc | 3.1.1 | 34.28 | NOTE | |||
r-devel-windows-x86_64 | 3.1.1 | 7.00 | 50.00 | 57.00 | OK | |
r-patched-linux-x86_64 | 3.1.1 | 2.87 | 19.24 | 22.11 | OK | |
r-release-linux-x86_64 | 3.1.1 | 2.88 | 19.47 | 22.35 | OK | |
r-release-macos-arm64 | 3.1.1 | 18.00 | OK | |||
r-release-macos-x86_64 | 3.1.1 | 43.00 | OK | |||
r-release-windows-x86_64 | 3.1.1 | 6.00 | 45.00 | 51.00 | OK | |
r-oldrel-macos-arm64 | 3.1.1 | 18.00 | OK | |||
r-oldrel-macos-x86_64 | 3.1.1 | 34.00 | OK | |||
r-oldrel-windows-x86_64 | 3.1.1 | 6.00 | 39.00 | 45.00 | OK |
Version: 3.1.1
Check: CRAN incoming feasibility
Result: NOTE
Maintainer: ‘M. S. Islam <shahed-sta@sust.edu>’
No Authors@R field in DESCRIPTION.
Please add one, modifying
Authors@R: person(given = c("M.", "S."),
family = "Islam",
role = c("aut", "cre"),
email = "shahed-sta@sust.edu")
as necessary.
Flavors: r-devel-linux-x86_64-debian-clang, r-devel-linux-x86_64-debian-gcc
Version: 3.1.1
Check: compiled code
Result: NOTE
File ‘pRSR/libs/pRSR.so’:
Found no calls to: ‘R_registerRoutines’, ‘R_useDynamicSymbols’
It is good practice to register native routines and to disable symbol
search.
See ‘Writing portable packages’ in the ‘Writing R Extensions’ manual.
Flavors: r-devel-linux-x86_64-fedora-clang, r-devel-linux-x86_64-fedora-gcc