Last updated on 2025-05-29 07:49:54 CEST.
Flavor | Version | Tinstall | Tcheck | Ttotal | Status | Flags |
---|---|---|---|---|---|---|
r-devel-linux-x86_64-debian-clang | 0.2.2 | 2.18 | 29.86 | 32.04 | OK | |
r-devel-linux-x86_64-debian-gcc | 0.2.2 | 1.71 | 23.08 | 24.79 | OK | |
r-devel-linux-x86_64-fedora-clang | 0.2.2 | 48.29 | OK | |||
r-devel-linux-x86_64-fedora-gcc | 0.2.2 | 59.15 | OK | |||
r-devel-windows-x86_64 | 0.2.2 | 3.00 | 58.00 | 61.00 | OK | |
r-patched-linux-x86_64 | 0.2.2 | 1.99 | 27.79 | 29.78 | OK | |
r-release-linux-x86_64 | 0.2.2 | 1.86 | 28.30 | 30.16 | OK | |
r-release-macos-arm64 | 0.2.2 | 45.00 | OK | |||
r-release-macos-x86_64 | 0.2.2 | 70.00 | OK | |||
r-release-windows-x86_64 | 0.2.2 | 4.00 | 58.00 | 62.00 | OK | |
r-oldrel-macos-arm64 | 0.2.2 | 37.00 | OK | |||
r-oldrel-macos-x86_64 | 0.2.2 | 58.00 | OK | |||
r-oldrel-windows-x86_64 | 0.2.2 | 4.00 | 636.00 | 640.00 | ERROR |
Version: 0.2.2
Check: re-building of vignette outputs
Result: ERROR
Error(s) in re-building vignettes:
--- re-building 'PS1_Cat.Rmd' using rmarkdown
Quitting from PS1_Cat.Rmd:35-50 [unnamed-chunk-3]
~~~~~~~~~~~~~~~~~~~~~~~~~~~~~~~~~~~~~~~~~~~~~~~~~~~~~~~~~~~~~~~~~~~~~~~~~~~~~~~~
<error/rlang_error>
Error in `validate_radec()`:
! The length of the coordinates array must be1
---
Backtrace:
▆
1. └─panstarrs::ps1_cone(...)
2. └─panstarrs:::validate_radec(ra, dec, .length = 1L)
~~~~~~~~~~~~~~~~~~~~~~~~~~~~~~~~~~~~~~~~~~~~~~~~~~~~~~~~~~~~~~~~~~~~~~~~~~~~~~~~
Error: processing vignette 'PS1_Cat.Rmd' failed with diagnostics:
The length of the coordinates array must be1
--- failed re-building 'PS1_Cat.Rmd'
--- re-building 'PS1_Images.Rmd' using rmarkdown
Quitting from PS1_Images.Rmd:27-38 [unnamed-chunk-2]
~~~~~~~~~~~~~~~~~~~~~~~~~~~~~~~~~~~~~~~~~~~~~~~~~~~~~~~~~~~~~~~~~~~~~~~~~~~~~~~~
<error/rlang_error>
Error in `validate_radec()`:
! The length of the coordinates array must be1
---
Backtrace:
▆
1. ├─magick::image_resize(...)
2. │ └─magick:::assert_image(image)
3. ├─magick::image_read(...)
4. └─panstarrs::ps1_image_color(...)
5. └─panstarrs::ps1_image_url(...)
6. └─panstarrs:::validate_radec(ra, dec, .length = 1L)
~~~~~~~~~~~~~~~~~~~~~~~~~~~~~~~~~~~~~~~~~~~~~~~~~~~~~~~~~~~~~~~~~~~~~~~~~~~~~~~~
Error: processing vignette 'PS1_Images.Rmd' failed with diagnostics:
The length of the coordinates array must be1
--- failed re-building 'PS1_Images.Rmd'
SUMMARY: processing the following files failed:
'PS1_Cat.Rmd' 'PS1_Images.Rmd'
Error: Vignette re-building failed.
Execution halted
Flavor: r-oldrel-windows-x86_64