Last updated on 2025-05-28 12:49:41 CEST.
Flavor | Version | Tinstall | Tcheck | Ttotal | Status | Flags |
---|---|---|---|---|---|---|
r-devel-linux-x86_64-debian-clang | 1.0.2 | 105.51 | 75.64 | 181.15 | NOTE | |
r-devel-linux-x86_64-debian-gcc | 1.0.2 | 74.20 | 56.32 | 130.52 | NOTE | |
r-devel-linux-x86_64-fedora-clang | 1.0.2 | 330.18 | NOTE | |||
r-devel-linux-x86_64-fedora-gcc | 1.0.2 | 282.27 | NOTE | |||
r-devel-windows-x86_64 | 1.0.2 | 120.00 | 97.00 | 217.00 | NOTE | |
r-patched-linux-x86_64 | 1.0.2 | 105.24 | 70.03 | 175.27 | NOTE | |
r-release-linux-x86_64 | 1.0.2 | 104.03 | 74.59 | 178.62 | NOTE | |
r-release-macos-arm64 | 1.0.2 | 75.00 | NOTE | |||
r-release-macos-x86_64 | 1.0.2 | 117.00 | NOTE | |||
r-release-windows-x86_64 | 1.0.2 | 121.00 | 105.00 | 226.00 | NOTE | |
r-oldrel-macos-arm64 | 1.0.2 | 76.00 | NOTE | |||
r-oldrel-macos-x86_64 | 1.0.2 | 85.00 | NOTE | |||
r-oldrel-windows-x86_64 | 1.0.2 | 144.00 | 125.00 | 269.00 | NOTE |
Version: 1.0.2
Check: C++ specification
Result: NOTE
Specified C++11: please drop specification unless essential
Flavors: r-devel-linux-x86_64-debian-clang, r-devel-linux-x86_64-debian-gcc, r-devel-linux-x86_64-fedora-clang, r-devel-linux-x86_64-fedora-gcc, r-devel-windows-x86_64, r-patched-linux-x86_64, r-release-linux-x86_64, r-release-macos-arm64, r-release-macos-x86_64, r-release-windows-x86_64, r-oldrel-macos-arm64, r-oldrel-macos-x86_64, r-oldrel-windows-x86_64
Version: 1.0.2
Check: installed package size
Result: NOTE
installed size is 5.9Mb
sub-directories of 1Mb or more:
libs 5.7Mb
Flavors: r-oldrel-macos-arm64, r-oldrel-macos-x86_64