CRAN Package Check Results for Package qboxplot

Last updated on 2025-05-11 12:50:29 CEST.

Flavor Version Tinstall Tcheck Ttotal Status Flags
r-devel-linux-x86_64-debian-clang 0.2 1.62 17.91 19.53 NOTE
r-devel-linux-x86_64-debian-gcc 0.2 1.29 14.64 15.93 NOTE
r-devel-linux-x86_64-fedora-clang 0.2 30.95 OK
r-devel-linux-x86_64-fedora-gcc 0.2 29.29 OK
r-devel-windows-x86_64 0.2 2.00 40.00 42.00 OK
r-patched-linux-x86_64 0.2 1.58 17.81 19.39 OK
r-release-linux-x86_64 0.2 1.41 17.37 18.78 OK
r-release-macos-arm64 0.2 17.00 OK
r-release-macos-x86_64 0.2 23.00 OK
r-release-windows-x86_64 0.2 2.00 42.00 44.00 OK
r-oldrel-macos-arm64 0.2 16.00 OK
r-oldrel-macos-x86_64 0.2 20.00 OK
r-oldrel-windows-x86_64 0.2 2.00 39.00 41.00 OK

Check Details

Version: 0.2
Check: CRAN incoming feasibility
Result: NOTE Maintainer: ‘Tom Pike <tpike@lincoln.ac.uk>’ No Authors@R field in DESCRIPTION. Please add one, modifying Authors@R: person(given = "Tom", family = "Pike", role = c("aut", "cre"), email = "tpike@lincoln.ac.uk") as necessary. Flavors: r-devel-linux-x86_64-debian-clang, r-devel-linux-x86_64-debian-gcc

mirror server hosted at Truenetwork, Russian Federation.