Last updated on 2025-05-23 18:50:37 CEST.
Flavor | Version | Tinstall | Tcheck | Ttotal | Status | Flags |
---|---|---|---|---|---|---|
r-devel-linux-x86_64-debian-clang | 1.1.1 | 23.39 | 143.35 | 166.74 | OK | |
r-devel-linux-x86_64-debian-gcc | 1.1.1 | 14.94 | 98.77 | 113.71 | OK | |
r-devel-linux-x86_64-fedora-clang | 1.1.1 | 263.09 | OK | |||
r-devel-linux-x86_64-fedora-gcc | 1.1.1 | 263.08 | OK | |||
r-devel-windows-x86_64 | 1.1.1 | 27.00 | 144.00 | 171.00 | OK | |
r-patched-linux-x86_64 | 1.1.1 | 24.97 | 135.02 | 159.99 | OK | |
r-release-linux-x86_64 | 1.1.1 | 23.69 | 135.53 | 159.22 | OK | |
r-release-macos-arm64 | 1.1.1 | 61.00 | OK | |||
r-release-macos-x86_64 | 1.1.1 | 140.00 | OK | |||
r-release-windows-x86_64 | 1.1.1 | 28.00 | 150.00 | 178.00 | OK | |
r-oldrel-macos-arm64 | 1.1.1 | 69.00 | NOTE | |||
r-oldrel-macos-x86_64 | 1.1.1 | 137.00 | NOTE | |||
r-oldrel-windows-x86_64 | 1.1.1 | 34.00 | 175.00 | 209.00 | NOTE |
Version: 1.1.1
Check: installed package size
Result: NOTE
installed size is 7.4Mb
sub-directories of 1Mb or more:
R 1.4Mb
data 4.8Mb
help 1.1Mb
Flavors: r-oldrel-macos-arm64, r-oldrel-macos-x86_64, r-oldrel-windows-x86_64