Last updated on 2025-05-29 18:50:30 CEST.
Flavor | Version | Tinstall | Tcheck | Ttotal | Status | Flags |
---|---|---|---|---|---|---|
r-devel-linux-x86_64-debian-clang | 1.2.1 | 20.52 | 107.26 | 127.78 | NOTE | |
r-devel-linux-x86_64-debian-gcc | 1.2.1 | 16.60 | 91.12 | 107.72 | NOTE | |
r-devel-linux-x86_64-fedora-clang | 1.2.1 | 215.31 | NOTE | |||
r-devel-linux-x86_64-fedora-gcc | 1.2.1 | 265.98 | NOTE | |||
r-devel-windows-x86_64 | 1.2.1 | 24.00 | 171.00 | 195.00 | NOTE | |
r-patched-linux-x86_64 | 1.2.1 | 20.71 | 120.69 | 141.40 | NOTE | |
r-release-linux-x86_64 | 1.2.1 | 21.69 | 121.06 | 142.75 | NOTE | |
r-release-macos-arm64 | 1.2.1 | 66.00 | NOTE | |||
r-release-macos-x86_64 | 1.2.1 | 130.00 | NOTE | |||
r-release-windows-x86_64 | 1.2.1 | 24.00 | 200.00 | 224.00 | NOTE | |
r-oldrel-macos-arm64 | 1.2.1 | 84.00 | OK | |||
r-oldrel-macos-x86_64 | 1.2.1 | 226.00 | OK | |||
r-oldrel-windows-x86_64 | 1.2.1 | 25.00 | 197.00 | 222.00 | OK |
Version: 1.2.1
Check: DESCRIPTION meta-information
Result: NOTE
Missing dependency on R >= 4.1.0 because package code uses the pipe
|> or function shorthand \(...) syntax added in R 4.1.0.
File(s) using such syntax:
‘print.rcpptimer.R’
Flavors: r-devel-linux-x86_64-debian-clang, r-devel-linux-x86_64-debian-gcc, r-devel-linux-x86_64-fedora-clang, r-devel-linux-x86_64-fedora-gcc, r-devel-windows-x86_64, r-patched-linux-x86_64, r-release-linux-x86_64, r-release-macos-arm64, r-release-macos-x86_64, r-release-windows-x86_64