CRAN Package Check Results for Package rcube

Last updated on 2025-05-29 00:48:31 CEST.

Flavor Version Tinstall Tcheck Ttotal Status Flags
r-devel-linux-x86_64-debian-clang 0.5 3.17 24.47 27.64 NOTE
r-devel-linux-x86_64-debian-gcc 0.5 2.24 19.44 21.68 NOTE
r-devel-linux-x86_64-fedora-clang 0.5 42.90 OK
r-devel-linux-x86_64-fedora-gcc 0.5 39.82 OK
r-devel-windows-x86_64 0.5 4.00 45.00 49.00 OK
r-patched-linux-x86_64 0.5 2.93 22.60 25.53 OK
r-release-linux-x86_64 0.5 2.81 22.05 24.86 OK
r-release-macos-arm64 0.5 16.00 OK
r-release-macos-x86_64 0.5 27.00 OK
r-release-windows-x86_64 0.5 3.00 50.00 53.00 OK
r-oldrel-macos-arm64 0.5 15.00 OK
r-oldrel-macos-x86_64 0.5 22.00 OK
r-oldrel-windows-x86_64 0.5 3.00 51.00 54.00 OK

Check Details

Version: 0.5
Check: CRAN incoming feasibility
Result: NOTE Maintainer: ‘Wojciech Rosa <w.rosa@pollub.pl>’ No Authors@R field in DESCRIPTION. Please add one, modifying Authors@R: person(given = "Wojciech", family = "Rosa", role = c("aut", "cre"), email = "w.rosa@pollub.pl") as necessary. Flavors: r-devel-linux-x86_64-debian-clang, r-devel-linux-x86_64-debian-gcc

mirror server hosted at Truenetwork, Russian Federation.