CRAN Package Check Results for Package resampledata3

Last updated on 2025-05-25 00:50:13 CEST.

Flavor Version Tinstall Tcheck Ttotal Status Flags
r-devel-linux-x86_64-debian-clang 1.0 1.90 17.89 19.79 NOTE
r-devel-linux-x86_64-debian-gcc 1.0 1.54 14.31 15.85 NOTE
r-devel-linux-x86_64-fedora-clang 1.0 30.78 NOTE
r-devel-linux-x86_64-fedora-gcc 1.0 29.92 NOTE
r-devel-windows-x86_64 1.0 3.00 48.00 51.00 NOTE
r-patched-linux-x86_64 1.0 2.60 17.21 19.81 NOTE
r-release-linux-x86_64 1.0 1.88 17.06 18.94 NOTE
r-release-macos-arm64 1.0 14.00 NOTE
r-release-macos-x86_64 1.0 24.00 NOTE
r-release-windows-x86_64 1.0 3.00 47.00 50.00 NOTE
r-oldrel-macos-arm64 1.0 13.00 NOTE
r-oldrel-macos-x86_64 1.0 19.00 NOTE
r-oldrel-windows-x86_64 1.0 4.00 42.00 46.00 NOTE

Check Details

Version: 1.0
Check: Rd files
Result: NOTE checkRd: (-1) NCBirths2004.Rd:16: Lost braces 16 | \item{\code{Smoker}}{Mother a smoker? code{No}, \code{Yes}} | ^ Flavors: r-devel-linux-x86_64-debian-clang, r-devel-linux-x86_64-debian-gcc, r-devel-linux-x86_64-fedora-clang, r-devel-linux-x86_64-fedora-gcc, r-devel-windows-x86_64, r-patched-linux-x86_64, r-release-linux-x86_64, r-release-macos-arm64, r-release-macos-x86_64, r-release-windows-x86_64, r-oldrel-macos-arm64, r-oldrel-macos-x86_64, r-oldrel-windows-x86_64

mirror server hosted at Truenetwork, Russian Federation.