Last updated on 2025-05-28 06:51:37 CEST.
Flavor | Version | Tinstall | Tcheck | Ttotal | Status | Flags |
---|---|---|---|---|---|---|
r-devel-linux-x86_64-debian-clang | 1.2.3 | 3.15 | 26.16 | 29.31 | NOTE | |
r-devel-linux-x86_64-debian-gcc | 1.2.3 | 2.54 | 19.75 | 22.29 | NOTE | |
r-devel-linux-x86_64-fedora-clang | 1.2.3 | 47.41 | OK | |||
r-devel-linux-x86_64-fedora-gcc | 1.2.3 | 45.38 | OK | |||
r-devel-windows-x86_64 | 1.2.3 | 5.00 | 44.00 | 49.00 | OK | |
r-patched-linux-x86_64 | 1.2.3 | 3.85 | 24.84 | 28.69 | OK | |
r-release-linux-x86_64 | 1.2.3 | 3.94 | 24.50 | 28.44 | OK | |
r-release-macos-arm64 | 1.2.3 | 17.00 | OK | |||
r-release-macos-x86_64 | 1.2.3 | 31.00 | OK | |||
r-release-windows-x86_64 | 1.2.3 | 5.00 | 48.00 | 53.00 | OK | |
r-oldrel-macos-arm64 | 1.2.3 | 16.00 | OK | |||
r-oldrel-macos-x86_64 | 1.2.3 | 23.00 | OK | |||
r-oldrel-windows-x86_64 | 1.2.3 | 5.00 | 43.00 | 48.00 | OK |
Version: 1.2.3
Check: CRAN incoming feasibility
Result: NOTE
Maintainer: ‘Peter Reichert <peter.reichert@emeriti.eawag.ch>’
No Authors@R field in DESCRIPTION.
Please add one, modifying
Authors@R: person(given = "Peter",
family = "Reichert",
role = c("aut", "cre"),
email = "peter.reichert@emeriti.eawag.ch")
as necessary.
Flavors: r-devel-linux-x86_64-debian-clang, r-devel-linux-x86_64-debian-gcc