Last updated on 2025-05-29 18:50:31 CEST.
Flavor | Version | Tinstall | Tcheck | Ttotal | Status | Flags |
---|---|---|---|---|---|---|
r-devel-linux-x86_64-debian-clang | 0.1.4 | 36.17 | 385.29 | 421.46 | OK | |
r-devel-linux-x86_64-debian-gcc | 0.1.4 | 25.31 | 270.50 | 295.81 | OK | |
r-devel-linux-x86_64-fedora-clang | 0.1.4 | 657.55 | OK | |||
r-devel-linux-x86_64-fedora-gcc | 0.1.4 | 639.31 | OK | |||
r-devel-windows-x86_64 | 0.1.4 | 35.00 | 543.00 | 578.00 | OK | |
r-patched-linux-x86_64 | 0.1.4 | 35.42 | 359.66 | 395.08 | OK | |
r-release-linux-x86_64 | 0.1.4 | 31.99 | 364.07 | 396.06 | OK | |
r-release-macos-arm64 | 0.1.4 | 214.00 | OK | |||
r-release-macos-x86_64 | 0.1.4 | 465.00 | OK | |||
r-release-windows-x86_64 | 0.1.4 | 34.00 | 533.00 | 567.00 | OK | |
r-oldrel-macos-arm64 | 0.1.4 | 187.00 | OK | |||
r-oldrel-macos-x86_64 | 0.1.4 | 430.00 | OK | |||
r-oldrel-windows-x86_64 | 0.1.4 | 46.00 | 650.00 | 696.00 | ERROR |
Version: 0.1.4
Check: re-building of vignette outputs
Result: ERROR
Error(s) in re-building vignettes:
--- re-building 'rnaCrosslinkOO.Rmd' using rmarkdown
File rnaCrosslinkProtocol.jpg not found in resource path
Error: processing vignette 'rnaCrosslinkOO.Rmd' failed with diagnostics:
pandoc document conversion failed with error 99
--- failed re-building 'rnaCrosslinkOO.Rmd'
SUMMARY: processing the following file failed:
'rnaCrosslinkOO.Rmd'
Error: Vignette re-building failed.
Execution halted
Flavor: r-oldrel-windows-x86_64