CRAN Package Check Results for Package rtodoist

Last updated on 2025-05-29 18:50:32 CEST.

Flavor Version Tinstall Tcheck Ttotal Status Flags
r-devel-linux-x86_64-debian-clang 0.1.0 4.42 39.52 43.94 OK
r-devel-linux-x86_64-debian-gcc 0.1.0 2.70 29.70 32.40 OK
r-devel-linux-x86_64-fedora-clang 0.1.0 67.94 OK
r-devel-linux-x86_64-fedora-gcc 0.1.0 81.93 OK
r-devel-windows-x86_64 0.1.0 7.00 59.00 66.00 OK
r-patched-linux-x86_64 0.1.0 4.68 36.11 40.79 OK
r-release-linux-x86_64 0.1.0 4.40 36.19 40.59 OK
r-release-macos-arm64 0.1.0 32.00 OK
r-release-macos-x86_64 0.1.0 53.00 OK
r-release-windows-x86_64 0.1.0 6.00 59.00 65.00 OK
r-oldrel-macos-arm64 0.1.0 30.00 NOTE
r-oldrel-macos-x86_64 0.1.0 43.00 NOTE
r-oldrel-windows-x86_64 0.1.0 7.00 67.00 74.00 NOTE

Check Details

Version: 0.1.0
Check: LazyData
Result: NOTE 'LazyData' is specified without a 'data' directory Flavors: r-oldrel-macos-arm64, r-oldrel-macos-x86_64, r-oldrel-windows-x86_64

mirror server hosted at Truenetwork, Russian Federation.