Last updated on 2025-05-29 18:50:33 CEST.
Flavor | Version | Tinstall | Tcheck | Ttotal | Status | Flags |
---|---|---|---|---|---|---|
r-devel-linux-x86_64-debian-clang | 0.2.21 | 4.34 | 35.25 | 39.59 | NOTE | |
r-devel-linux-x86_64-debian-gcc | 0.2.21 | 2.75 | 26.11 | 28.86 | NOTE | |
r-devel-linux-x86_64-fedora-clang | 0.2.21 | 59.39 | ERROR | |||
r-devel-linux-x86_64-fedora-gcc | 0.2.21 | 58.07 | OK | |||
r-devel-windows-x86_64 | 0.2.21 | 5.00 | 62.00 | 67.00 | OK | |
r-patched-linux-x86_64 | 0.2.21 | 4.06 | 33.19 | 37.25 | OK | |
r-release-linux-x86_64 | 0.2.21 | 3.58 | 33.35 | 36.93 | OK | |
r-release-macos-arm64 | 0.2.21 | 38.00 | OK | |||
r-release-macos-x86_64 | 0.2.21 | 42.00 | OK | |||
r-release-windows-x86_64 | 0.2.21 | 6.00 | 61.00 | 67.00 | OK | |
r-oldrel-macos-arm64 | 0.2.21 | 37.00 | NOTE | |||
r-oldrel-macos-x86_64 | 0.2.21 | 39.00 | NOTE | |||
r-oldrel-windows-x86_64 | 0.2.21 | 7.00 | 67.00 | 74.00 | NOTE |
Version: 0.2.21
Check: CRAN incoming feasibility
Result: NOTE
Maintainer: ‘Stuart K. Grange <stuart.grange@york.ac.uk>’
Package CITATION file contains call(s) to old-style personList() or
as.personList(). Please use c() on person objects instead.
Flavors: r-devel-linux-x86_64-debian-clang, r-devel-linux-x86_64-debian-gcc
Version: 0.2.21
Check: examples
Result: ERROR
Running examples in ‘saqgetr-Ex.R’ failed
The error most likely occurred in:
> ### Name: get_saq_observations
> ### Title: Function to get *saqgetr* air quality observations.
> ### Aliases: get_saq_observations
>
> ### ** Examples
>
>
> # Load a site's data
> data_hafodyrynys <- get_saq_observations(
+ site = "gb1038a",
+ start = 2018,
+ end = 2018
+ )
Error in `map()`:
ℹ In index: 1.
Caused by error in `curl::curl_fetch_memory()`:
! Timeout was reached [aq-data.ricardo-aea.com]: Connection timed out after 10002 milliseconds
Backtrace:
▆
1. ├─saqgetr::get_saq_observations(...)
2. │ └─purrr::map_dfr(...)
3. │ └─purrr::map(.x, .f, ...)
4. │ └─purrr:::map_("list", .x, .f, ..., .progress = .progress)
5. │ ├─purrr:::with_indexed_errors(...)
6. │ │ └─base::withCallingHandlers(...)
7. │ ├─purrr:::call_with_cleanup(...)
8. │ └─saqgetr (local) .f(.x[[i]], ...)
9. │ └─saqgetr:::get_saq_observations_worker(...)
10. │ └─saqgetr:::read_saq_observations(file, tz = tz)
11. │ └─saqgetr:::read_csv_gz_remote(file, col_types = col_types, verbose = FALSE)
12. │ └─httr::GET(url)
13. │ └─httr:::request_perform(req, hu$handle$handle)
14. │ ├─httr:::request_fetch(req$output, req$url, handle)
15. │ └─httr:::request_fetch.write_memory(req$output, req$url, handle)
16. │ └─curl::curl_fetch_memory(url, handle = handle)
17. ├─curl:::raise_libcurl_error(...)
18. │ └─base::stop(e)
19. └─purrr (local) `<fn>`(`<crl_rr__>`)
20. └─cli::cli_abort(...)
21. └─rlang::abort(...)
Execution halted
Flavor: r-devel-linux-x86_64-fedora-clang
Version: 0.2.21
Check: LazyData
Result: NOTE
'LazyData' is specified without a 'data' directory
Flavors: r-oldrel-macos-arm64, r-oldrel-macos-x86_64, r-oldrel-windows-x86_64