CRAN Package Check Results for Package sdtmval

Last updated on 2025-05-29 18:50:33 CEST.

Flavor Version Tinstall Tcheck Ttotal Status Flags
r-devel-linux-x86_64-debian-clang 0.4.1 3.28 40.58 43.86 NOTE
r-devel-linux-x86_64-debian-gcc 0.4.1 2.55 30.97 33.52 NOTE
r-devel-linux-x86_64-fedora-clang 0.4.1 67.96 NOTE
r-devel-linux-x86_64-fedora-gcc 0.4.1 77.95 NOTE
r-devel-windows-x86_64 0.4.1 4.00 70.00 74.00 NOTE
r-patched-linux-x86_64 0.4.1 3.67 37.29 40.96 NOTE
r-release-linux-x86_64 0.4.1 3.00 37.33 40.33 NOTE
r-release-macos-arm64 0.4.1 37.00 NOTE
r-release-macos-x86_64 0.4.1 53.00 OK
r-release-windows-x86_64 0.4.1 5.00 68.00 73.00 NOTE
r-oldrel-macos-arm64 0.4.1 32.00 OK
r-oldrel-macos-x86_64 0.4.1 48.00 OK
r-oldrel-windows-x86_64 0.4.1 6.00 76.00 82.00 OK

Check Details

Version: 0.4.1
Check: DESCRIPTION meta-information
Result: NOTE Missing dependency on R >= 4.1.0 because package code uses the pipe |> or function shorthand \(...) syntax added in R 4.1.0. File(s) using such syntax: ‘assign_meta_data.Rd’ Flavors: r-devel-linux-x86_64-debian-clang, r-devel-linux-x86_64-debian-gcc, r-devel-linux-x86_64-fedora-clang, r-devel-linux-x86_64-fedora-gcc, r-devel-windows-x86_64, r-patched-linux-x86_64, r-release-linux-x86_64, r-release-macos-arm64, r-release-windows-x86_64

mirror server hosted at Truenetwork, Russian Federation.