CRAN Package Check Results for Package seismic

Last updated on 2025-05-28 00:49:14 CEST.

Flavor Version Tinstall Tcheck Ttotal Status Flags
r-devel-linux-x86_64-debian-clang 1.1 1.89 20.37 22.26 NOTE
r-devel-linux-x86_64-debian-gcc 1.1 1.45 17.31 18.76 NOTE
r-devel-linux-x86_64-fedora-clang 1.1 34.17 OK
r-devel-linux-x86_64-fedora-gcc 1.1 33.23 OK
r-devel-windows-x86_64 1.1 3.00 42.00 45.00 OK
r-patched-linux-x86_64 1.1 1.97 19.80 21.77 OK
r-release-linux-x86_64 1.1 1.77 19.64 21.41 OK
r-release-macos-arm64 1.1 19.00 OK
r-release-macos-x86_64 1.1 25.00 OK
r-release-windows-x86_64 1.1 3.00 45.00 48.00 OK
r-oldrel-macos-arm64 1.1 16.00 OK
r-oldrel-macos-x86_64 1.1 22.00 OK
r-oldrel-windows-x86_64 1.1 2.00 41.00 43.00 OK

Check Details

Version: 1.1
Check: CRAN incoming feasibility
Result: NOTE Maintainer: ‘Qingyuan Zhao <qingyzhao@gmail.com>’ No Authors@R field in DESCRIPTION. Please add one, modifying Authors@R: c(person(given = "Hera", family = "He", role = "aut"), person(given = "Murat", family = "Erdogdu", role = "aut"), person(given = "Qingyuan", family = "Zhao", role = c("aut", "cre"), email = "qingyzhao@gmail.com")) as necessary. Flavors: r-devel-linux-x86_64-debian-clang, r-devel-linux-x86_64-debian-gcc

mirror server hosted at Truenetwork, Russian Federation.