Last updated on 2025-05-19 18:50:40 CEST.
Flavor | Version | Tinstall | Tcheck | Ttotal | Status | Flags |
---|---|---|---|---|---|---|
r-devel-linux-x86_64-debian-clang | 0.1-0 | 5.43 | 31.33 | 36.76 | OK | |
r-devel-linux-x86_64-debian-gcc | 0.1-0 | 3.93 | 23.04 | 26.97 | OK | |
r-devel-linux-x86_64-fedora-clang | 0.1-0 | 60.22 | OK | |||
r-devel-linux-x86_64-fedora-gcc | 0.1-0 | 54.54 | OK | |||
r-devel-windows-x86_64 | 0.1-0 | 5.00 | 53.00 | 58.00 | OK | |
r-patched-linux-x86_64 | 0.1-0 | 6.26 | 29.59 | 35.85 | OK | |
r-release-linux-x86_64 | 0.1-0 | 4.84 | 29.76 | 34.60 | OK | |
r-release-macos-arm64 | 0.1-0 | 22.00 | OK | |||
r-release-macos-x86_64 | 0.1-0 | 43.00 | OK | |||
r-release-windows-x86_64 | 0.1-0 | 5.00 | 49.00 | 54.00 | OK | |
r-oldrel-macos-arm64 | 0.1-0 | 20.00 | NOTE | |||
r-oldrel-macos-x86_64 | 0.1-0 | 33.00 | NOTE | |||
r-oldrel-windows-x86_64 | 0.1-0 | 6.00 | 46.00 | 52.00 | NOTE |
Version: 0.1-0
Check: LazyData
Result: NOTE
'LazyData' is specified without a 'data' directory
Flavors: r-oldrel-macos-arm64, r-oldrel-macos-x86_64, r-oldrel-windows-x86_64