Last updated on 2025-05-24 06:51:20 CEST.
Flavor | Version | Tinstall | Tcheck | Ttotal | Status | Flags |
---|---|---|---|---|---|---|
r-devel-linux-x86_64-debian-clang | 1.0 | 2.31 | 18.61 | 20.92 | NOTE | |
r-devel-linux-x86_64-debian-gcc | 1.0 | 1.60 | 15.29 | 16.89 | NOTE | |
r-devel-linux-x86_64-fedora-clang | 1.0 | 32.36 | OK | |||
r-devel-linux-x86_64-fedora-gcc | 1.0 | 30.81 | OK | |||
r-devel-windows-x86_64 | 1.0 | 3.00 | 50.00 | 53.00 | OK | |
r-patched-linux-x86_64 | 1.0 | 2.07 | 18.19 | 20.26 | OK | |
r-release-linux-x86_64 | 1.0 | 2.08 | 18.25 | 20.33 | OK | |
r-release-macos-arm64 | 1.0 | 14.00 | OK | |||
r-release-macos-x86_64 | 1.0 | 25.00 | OK | |||
r-release-windows-x86_64 | 1.0 | 5.00 | 45.00 | 50.00 | OK | |
r-oldrel-macos-arm64 | 1.0 | 13.00 | OK | |||
r-oldrel-macos-x86_64 | 1.0 | 20.00 | OK | |||
r-oldrel-windows-x86_64 | 1.0 | 3.00 | 41.00 | 44.00 | OK |
Version: 1.0
Check: CRAN incoming feasibility
Result: NOTE
Maintainer: ‘Jasper Van doninck <vandoninck.jasper@gmail.com>’
No Authors@R field in DESCRIPTION.
Please add one, modifying
Authors@R: person(given = "Jasper",
family = "Van doninck",
role = c("aut", "cre"),
email = "vandoninck.jasper@gmail.com")
as necessary.
Flavors: r-devel-linux-x86_64-debian-clang, r-devel-linux-x86_64-debian-gcc